igit of l?
0
Let c be (-6)/52*56904 + 4/(-26). What is the tens digit of (c/21)/(4/6)*-2?
3
Suppose 48*v - 23*v = 47*v - 689744. What is the tens digit of v?
5
Let w be (-327)/6*-2*1. Let m = 3638 + -3586. Let d = m + w. What is the hundreds digit of d?
1
Let j be 3*-28*19/(-2). Suppose 252 + j = a. Suppose 154 = -8*t + a. What is the tens digit of t?
1
Suppose -1368*w + 1354*w = -320880. What is the hundreds digit of w?
9
Suppose -27*a - 62242 + 273760 = 0. What is the tens digit of a?
3
Let t(i) = 3745*i - 1175. What is the hundreds digit of t(8)?
7
Let q be (0 + 1 + 0)/(49/(-5733)). Let z be (-2 + 48/9)/((-3)/q). Let n = 5 + z. What is the units digit of n?
5
Let o be 53/(-4) - (-3)/12. Let i be 2/o + 123/39. Suppose g + 409 = 3*l + 2*g, l - 131 = -i*g. What is the hundreds digit of l?
1
Let o(w) = 57*w**3 + 35*w**2 + 16*w - 1. What is the thousands digit of o(7)?
1
Let x be ((-25)/(-125))/((-1)/(-50)). What is the tens digit of (1964/(-10))/(x/(-25)) - 2?
8
Let i = 89 - 87. Suppose -3*l - 5*p = -1037, 0*p = -3*l - i*p + 1025. What is the units digit of l?
9
Let b(k) = -2*k**2 + 8*k + 12. Let w be b(5). Suppose 128 = g + o, 5*o = 2*g + w*g - 521. What is the hundreds digit of g?
1
Suppose -21937 - 10977 + 8299 = -45*v. What is the tens digit of v?
4
Let y(j) be the second derivative of -j**5/20 - 3*j**4/4 + j**3 + 9*j**2/2 + 16*j. Let s be y(-11). Let k = s + -117. What is the units digit of k?
8
What is the tens digit of 581 - 12/(-8)*16/12?
8
Suppose -26 = 5*t - 41. Suppose r + 3*w - 755 = 0, 0 = -r - t*r + 3*w + 3065. What is the units digit of r?
4
Let n(g) = -g**3 - 12*g**2 + 2*g - 10. Let k(h) = -2*h**3 - 24*h**2 + 4*h - 20. Let b(o) = 2*k(o) - 5*n(o). What is the units digit of b(6)?
6
Let h = -20666 + 31262. What is the tens digit of h?
9
Let p(n) = -61*n - 71. Suppose -26 = 10*u + 34. What is the units digit of p(u)?
5
Let h be 18*(-7 - -6)*-1. Suppose n + 4063 = h*n. What is the hundreds digit of n?
2
What is the units digit of (-1)/((-1)/(-4) - 269703/1078380)?
5
Suppose 0 = 3*h + 5*d + 14, 18 = 5*h - 4*d + 2*d. Suppose 5*i - z - 10 = 0, h*z - 6*z = -2*i - 14. What is the tens digit of ((-49)/(-2))/(i/6)?
4
Let b(v) = -7*v**3 + 6*v**2 + 63*v + 24. What is the thousands digit of b(-15)?
4
Let q(y) = -2616*y - 5574. What is the hundreds digit of q(-8)?
3
Let m(s) = 16*s**2 - 11*s + 294. Let i be m(14). Suppose -3*n + 4*d = 2*d - i, 3*n - 5*d = 3285. What is the units digit of n?
0
Let t be 455 - 24/((-6)/(-1)). Suppose 5*p - 372 = -2*d + t, 4*d = 3*p + 1581. What is the hundreds digit of d?
3
Suppose -3*g = -4*l - 7, 2*l = -g + 6*g - 21. Suppose -23 = -g*h - 3. Suppose x - h*x + 408 = 0. What is the units digit of x?
6
Let p = 161 - 746. Let q = -437 - p. What is the units digit of q?
8
Let x be (-15495)/21 + 10/(-70). Let p = -354 - x. What is the hundreds digit of p?
3
Suppose 65*y + 19656 = -26*y. Let c = 394 - 34. Let m = y + c. What is the tens digit of m?
4
What is the thousands digit of (-2 + 16 + -2157)*-10?
1
Suppose -w = -5 + 3. Let r(x) = -x**3 + 17*x**2 - 11*x + 13. Let j be r(16). Suppose 0 = -3*d - w*d - h + 449, -d - h + j = 0. What is the tens digit of d?
8
Let u = -44 - -47. Suppose -u*i - 1 - 5 = 0. Let r(v) = -7*v**3 + 3*v**2 - v. What is the units digit of r(i)?
0
Let g(n) = 4*n**2 + n**2 - 135986 + 4*n + 135985 - 209*n**3. What is the units digit of g(-2)?
3
Let q be (-6)/4*(3 - (-70)/(-6)). Suppose -7680 = -q*x - 1544. Let k = -329 + x. What is the units digit of k?
3
Let x(f) = -f + 1. Let o(y) = -3*y - 90. Let n(z) = -o(z) + 4*x(z). What is the units digit of n(7)?
7
Suppose -18*z - 42 + 114 = 0. Suppose z*f = -2*y + 5268, -5*y = 12 - 32. What is the thousands digit of f?
1
Let w(n) = -17*n**3 - 69*n**2 + 11*n + 85. Let t(a) = -8*a**3 - 35*a**2 + 5*a + 42. Let c(i) = 5*t(i) - 2*w(i). What is the hundreds digit of c(-9)?
3
Let m(g) = -g**3 - 22*g**2 + 22*g - 15. Let x = -54 + 31. Let a be m(x). Suppose 0 = a*w - 10*w + 48. What is the tens digit of w?
2
Let y = 74 - 72. Let u be 36/(0/y + (-7)/(-14)). Suppose -p = -232 + u. What is the units digit of p?
0
Let f(w) = 133*w**2 + 15*w + 27 - 75*w**2 - 70*w**2 - w**3. What is the tens digit of f(-14)?
0
What is the tens digit of -1 + ((-448767)/(-63) - -5) - 2/7?
2
Suppose -12*v - 3585 = 13983. Let y = -832 - v. What is the units digit of y?
2
Suppose 5*n - 175 = 5*r, -n - 3*n + 3*r + 135 = 0. Suppose 5*y + k = 339, 3*y = 5*k - n + 239. Suppose y = -4*i + 364. What is the units digit of i?
4
Let t(d) = 0*d**2 - 6*d**2 + 80 + 5*d**2 - d**2 + d. Let c be t(0). Suppose u = s - 335 + c, 0 = 3*u + 6. What is the units digit of s?
3
Suppose -5*q + 6225 + 1030 = -4*z, 3*z + 2895 = 2*q. What is the hundreds digit of q?
4
What is the hundreds digit of ((-2)/6*6829)/(9/(-27))?
8
Let t = -1698 - -27455. What is the ten thousands digit of t?
2
Let q be -246 - (4/1 - (0 - -5)). Let x = 435 + q. What is the units digit of x?
0
Let u(t) = -10*t + 20. Let i be u(9). Let o = i + 72. What is the tens digit of 6292/117 + o/9?
5
Let r(k) = 2*k**3 - 4*k**2 - 68*k + 412. What is the hundreds digit of r(23)?
0
Let k be ((-52)/(-65))/(1/25). Suppose k*q + 280 = 22*q. Suppose -76*u = -72*u - q. What is the units digit of u?
5
Suppose 5*g + 29 = 2*b + 225, -4*g = b + 85. Let i = b - -120. Suppose 1090 = -22*v + i*v. What is the hundreds digit of v?
2
What is the units digit of 418/(-665) - 36/(-30) - 42202/(-14)?
5
Let p(m) = -74*m**2 + 2*m - 1. Let b be p(1). What is the hundreds digit of b*(-3 - 0) + (-11 - -11)?
2
Let m(u) = -1882*u + 151. What is the hundreds digit of m(-9)?
0
Let t(m) = 7*m**2 + 13*m + 16. Let s be t(-6). Let i = s - -196. What is the units digit of i?
6
Let n = 792 - 395. Suppose 0 = 11*f - n - 637. What is the tens digit of f?
9
Suppose 0 = -4*t + 4*b - 3*b + 15, 0 = 2*t - 4*b - 18. Let k be -6*2/t*-1. Suppose -2*r + k*v + 116 = 0, v + 80 - 25 = r. What is the tens digit of r?
5
Let w(i) = 941*i**3 - 4*i**2 - 25*i + 1. Let b(d) = 188*d**3 - d**2 - 5*d. Let z(k) = -11*b(k) + 2*w(k). What is the hundreds digit of z(-2)?
4
Suppose 2*h - 4*o = 34, -239 + 245 = -o. Let s = -3 - -5. Suppose 2*a - 82 = s*c - 0*c, 4*c = h*a - 207. What is the tens digit of a?
4
Suppose -2*d + 4*j + 9543 = -11623, -d + 10581 = -4*j. What is the thousands digit of d?
0
Let z(y) be the first derivative of -43*y**2/2 + 7*y + 23. Let a be z(4). Let m = -77 - a. What is the units digit of m?
8
Let q = -25045 - -39702. What is the tens digit of q?
5
Let o(p) = 7*p**2 - 19*p**3 - 13*p**2 - 2*p**2 - 16*p**3 + 5*p + p**2. What is the units digit of o(-3)?
7
Let b(n) = n**2 + 633*n - 87. What is the hundreds digit of b(88)?
3
Suppose 2832369 + 145029 = 54*i. What is the tens digit of i?
3
Let m(d) be the first derivative of -8*d + 7/2*d**2 + 13. What is the units digit of m(8)?
8
What is the ten thousands digit of 19 - ((23 - 50548) + 17)?
5
Let z = -1368 + 850. Let m = 694 - z. What is the tens digit of m?
1
Suppose 0 = 187*o - 192*o + 1660. Suppose -3*f + 4 = -5. What is the hundreds digit of o/f*(20/8 - 1)?
1
Let g = 209 - 211. Let w(t) = -t**2 + 6*t - 8. Let q be w(4). What is the tens digit of (q - (501/6 + -4))*g?
5
Suppose -5*r = 3*w + 16000 - 45136, w = 2. What is the tens digit of r?
2
Let n be -2*((-2)/10 - (-86)/(-20)). Suppose 0 = -4*d + n*d - 5580. What is the tens digit of (d/24)/((-3)/(-4) + 0)?
6
Let u(m) = m - 10. Let l be u(5). Let g be ((-4)/l)/((-11)/(-330)). Suppose -25 = g*p - 29*p. What is the units digit of p?
5
Suppose -3*w = -0*n + 3*n - 18, -5*n + 18 = 2*w. Let z be (-11 + 12)/(8/808). Suppose -z = -3*q + w*y + 155, 4*q + y - 316 = 0. What is the tens digit of q?
8
Suppose 0 = 5*h + 4*f - 0*f - 295, 3*f = 2*h - 118. Suppose -4*p + 2640 = 4*n, -4*p + 592 + h = n. What is the units digit of n?
3
Suppose -l + 915 = -323. Suppose 10 = -5*d, -g + 48*d + l = 44*d. What is the tens digit of g?
3
Let u(n) = 10848*n + 1353. What is the units digit of u(3)?
7
Let j(w) = -w**3 + 3*w**2 + 5*w + 17. Let h be j(6). Let r = h - -59. What is the tens digit of (6 - 396/(-15))*(-5)/r?
8
Let x(w) = 5*w + 6. Let c(b) = -b - 1. Let v(n) = 4*c(n) + x(n). Let k be v(10). What is the units digit of k*(-4)/((-24)/10)?
0
Let w(o) = o**3 + 17*o**2 - 16*o + 5. Let d be w(-15). Let l = d - 393. Wh